{"id":5636,"date":"2025-11-18T15:10:46","date_gmt":"2025-11-18T14:10:46","guid":{"rendered":"https:\/\/bpact.fr\/panel\/?page_id=5636"},"modified":"2025-11-18T15:14:12","modified_gmt":"2025-11-18T14:14:12","slug":"participant-bill-of-rights","status":"publish","type":"page","link":"https:\/\/bpact.fr\/panel\/participant-bill-of-rights\/","title":{"rendered":"Participant Bill of Rights"},"content":{"rendered":"\t\t<div data-elementor-type=\"wp-post\" data-elementor-id=\"5636\" class=\"elementor elementor-5636\">\n\t\t\t\t\t\t<section class=\"elementor-section elementor-top-section elementor-element elementor-element-2d64bdf1 elementor-section-boxed elementor-section-height-default elementor-section-height-default\" data-id=\"2d64bdf1\" data-element_type=\"section\" data-e-type=\"section\">\n\t\t\t\t\t\t<div class=\"elementor-container elementor-column-gap-default\">\n\t\t\t\t\t<div class=\"elementor-column elementor-col-100 elementor-top-column elementor-element elementor-element-2197d982\" data-id=\"2197d982\" data-element_type=\"column\" data-e-type=\"column\">\n\t\t\t<div class=\"elementor-widget-wrap elementor-element-populated\">\n\t\t\t\t\t\t<div class=\"elementor-element elementor-element-21e95356 elementor-widget elementor-widget-text-editor\" data-id=\"21e95356\" data-element_type=\"widget\" data-e-type=\"widget\" data-widget_type=\"text-editor.default\">\n\t\t\t\t<div class=\"elementor-widget-container\">\n\t\t\t\t\t\t\t\t\t<h3><span lang=\"fr-BE\">Participant Bill of Rights<\/span><\/h3><p>Bpact appr\u00e9cie que vous soyez membre de son panel. C&rsquo;est pourquoi nous mettons tout en \u0153uvre pour rendre votre exp\u00e9rience aussi agr\u00e9able que possible. Nous optimisons r\u00e9guli\u00e8rement nos syst\u00e8mes et vous demandons votre avis apr\u00e8s chaque enqu\u00eate. De plus, nous suivons de pr\u00e8s le march\u00e9 et respectons le code de conduite d&rsquo;<a href=\"https:\/\/www.esomar.org\/\">Esomar<\/a> (l&rsquo;association internationale des bureaux d&rsquo;\u00e9tudes de march\u00e9) et la r\u00e9glementation europ\u00e9enne en mati\u00e8re de traitement des donn\u00e9es. Nous adh\u00e9rons \u00e9galement \u00e0 la Charte des droits des participants de l&rsquo;<a href=\"https:\/\/www.insightsassociation.org\/\">Insights Association<\/a>. Elle stipule 16 principes fondamentaux que tout participant \u00e0 une enqu\u00eate est en droit d\u2019attendre.<\/p>\t\t\t\t\t\t\t\t<\/div>\n\t\t\t\t<\/div>\n\t\t\t\t<div class=\"elementor-element elementor-element-afbd294 elementor-align-center elementor-widget elementor-widget-button\" data-id=\"afbd294\" data-element_type=\"widget\" data-e-type=\"widget\" data-widget_type=\"button.default\">\n\t\t\t\t<div class=\"elementor-widget-container\">\n\t\t\t\t\t\t\t\t\t<div class=\"elementor-button-wrapper\">\n\t\t\t\t\t<a class=\"elementor-button elementor-button-link elementor-size-sm\" href=\"https:\/\/7333719.fs1.hubspotusercontent-na1.net\/hubfs\/7333719\/ef3c2556-f046-4db0-b52c-06c419858f69-0-2report_and_or_video_file-InsightsAssociation-BillofRights-ForParticipantsEnglish_FINAL-11-08-2024.pdf\">\n\t\t\t\t\t\t<span class=\"elementor-button-content-wrapper\">\n\t\t\t\t\t\t\t\t\t<span class=\"elementor-button-text\">Cliquez ici pour les lire.<\/span>\n\t\t\t\t\t<\/span>\n\t\t\t\t\t<\/a>\n\t\t\t\t<\/div>\n\t\t\t\t\t\t\t\t<\/div>\n\t\t\t\t<\/div>\n\t\t\t\t\t<\/div>\n\t\t<\/div>\n\t\t\t\t\t<\/div>\n\t\t<\/section>\n\t\t\t\t<\/div>\n\t\t","protected":false},"excerpt":{"rendered":"<p>Participant Bill of Rights Bpact appr\u00e9cie que vous soyez membre de son panel. C&rsquo;est pourquoi nous mettons tout en \u0153uvre pour rendre votre exp\u00e9rience aussi agr\u00e9able que possible. Nous optimisons r\u00e9guli\u00e8rement nos syst\u00e8mes et vous demandons votre avis apr\u00e8s chaque enqu\u00eate. De plus, nous suivons de pr\u00e8s le march\u00e9 et respectons le code de conduite [&hellip;]<\/p>\n","protected":false},"author":12,"featured_media":0,"parent":0,"menu_order":0,"comment_status":"closed","ping_status":"closed","template":"","meta":{"ocean_post_layout":"","ocean_both_sidebars_style":"","ocean_both_sidebars_content_width":0,"ocean_both_sidebars_sidebars_width":0,"ocean_sidebar":"0","ocean_second_sidebar":"0","ocean_disable_margins":"enable","ocean_add_body_class":"","ocean_shortcode_before_top_bar":"","ocean_shortcode_after_top_bar":"","ocean_shortcode_before_header":"","ocean_shortcode_after_header":"","ocean_has_shortcode":"","ocean_shortcode_after_title":"","ocean_shortcode_before_footer_widgets":"","ocean_shortcode_after_footer_widgets":"","ocean_shortcode_before_footer_bottom":"","ocean_shortcode_after_footer_bottom":"","ocean_display_top_bar":"default","ocean_display_header":"default","ocean_header_style":"","ocean_center_header_left_menu":"0","ocean_custom_header_template":"0","ocean_custom_logo":0,"ocean_custom_retina_logo":0,"ocean_custom_logo_max_width":0,"ocean_custom_logo_tablet_max_width":0,"ocean_custom_logo_mobile_max_width":0,"ocean_custom_logo_max_height":0,"ocean_custom_logo_tablet_max_height":0,"ocean_custom_logo_mobile_max_height":0,"ocean_header_custom_menu":"0","ocean_menu_typo_font_family":"0","ocean_menu_typo_font_subset":"","ocean_menu_typo_font_size":0,"ocean_menu_typo_font_size_tablet":0,"ocean_menu_typo_font_size_mobile":0,"ocean_menu_typo_font_size_unit":"px","ocean_menu_typo_font_weight":"","ocean_menu_typo_font_weight_tablet":"","ocean_menu_typo_font_weight_mobile":"","ocean_menu_typo_transform":"","ocean_menu_typo_transform_tablet":"","ocean_menu_typo_transform_mobile":"","ocean_menu_typo_line_height":0,"ocean_menu_typo_line_height_tablet":0,"ocean_menu_typo_line_height_mobile":0,"ocean_menu_typo_line_height_unit":"","ocean_menu_typo_spacing":0,"ocean_menu_typo_spacing_tablet":0,"ocean_menu_typo_spacing_mobile":0,"ocean_menu_typo_spacing_unit":"","ocean_menu_link_color":"","ocean_menu_link_color_hover":"","ocean_menu_link_color_active":"","ocean_menu_link_background":"","ocean_menu_link_hover_background":"","ocean_menu_link_active_background":"","ocean_menu_social_links_bg":"","ocean_menu_social_hover_links_bg":"","ocean_menu_social_links_color":"","ocean_menu_social_hover_links_color":"","ocean_disable_title":"default","ocean_disable_heading":"default","ocean_post_title":"","ocean_post_subheading":"","ocean_post_title_style":"","ocean_post_title_background_color":"","ocean_post_title_background":0,"ocean_post_title_bg_image_position":"","ocean_post_title_bg_image_attachment":"","ocean_post_title_bg_image_repeat":"","ocean_post_title_bg_image_size":"","ocean_post_title_height":0,"ocean_post_title_bg_overlay":0.5,"ocean_post_title_bg_overlay_color":"","ocean_disable_breadcrumbs":"default","ocean_breadcrumbs_color":"","ocean_breadcrumbs_separator_color":"","ocean_breadcrumbs_links_color":"","ocean_breadcrumbs_links_hover_color":"","ocean_display_footer_widgets":"default","ocean_display_footer_bottom":"default","ocean_custom_footer_template":"0","footnotes":""},"class_list":["post-5636","page","type-page","status-publish","hentry","entry"],"yoast_head":"<!-- This site is optimized with the Yoast SEO plugin v27.2 - https:\/\/yoast.com\/product\/yoast-seo-wordpress\/ -->\n<title>Participant Bill of Rights - Bpact FR Panel<\/title>\n<meta name=\"robots\" content=\"index, follow, max-snippet:-1, max-image-preview:large, max-video-preview:-1\" \/>\n<link rel=\"canonical\" href=\"https:\/\/bpact.fr\/panel\/participant-bill-of-rights\/\" \/>\n<meta property=\"og:locale\" content=\"fr_FR\" \/>\n<meta property=\"og:type\" content=\"article\" \/>\n<meta property=\"og:title\" content=\"Participant Bill of Rights - Bpact FR Panel\" \/>\n<meta property=\"og:description\" content=\"Participant Bill of Rights Bpact appr\u00e9cie que vous soyez membre de son panel. C&rsquo;est pourquoi nous mettons tout en \u0153uvre pour rendre votre exp\u00e9rience aussi agr\u00e9able que possible. Nous optimisons r\u00e9guli\u00e8rement nos syst\u00e8mes et vous demandons votre avis apr\u00e8s chaque enqu\u00eate. De plus, nous suivons de pr\u00e8s le march\u00e9 et respectons le code de conduite [&hellip;]\" \/>\n<meta property=\"og:url\" content=\"https:\/\/bpact.fr\/panel\/participant-bill-of-rights\/\" \/>\n<meta property=\"og:site_name\" content=\"Bpact FR Panel\" \/>\n<meta property=\"article:modified_time\" content=\"2025-11-18T14:14:12+00:00\" \/>\n<meta name=\"twitter:card\" content=\"summary_large_image\" \/>\n<meta name=\"twitter:label1\" content=\"Dur\u00e9e de lecture estim\u00e9e\" \/>\n\t<meta name=\"twitter:data1\" content=\"1 minute\" \/>\n<script type=\"application\/ld+json\" class=\"yoast-schema-graph\">{\"@context\":\"https:\/\/schema.org\",\"@graph\":[{\"@type\":\"WebPage\",\"@id\":\"https:\/\/bpact.fr\/panel\/participant-bill-of-rights\/\",\"url\":\"https:\/\/bpact.fr\/panel\/participant-bill-of-rights\/\",\"name\":\"Participant Bill of Rights - Bpact FR Panel\",\"isPartOf\":{\"@id\":\"https:\/\/bpact.fr\/panel\/#website\"},\"datePublished\":\"2025-11-18T14:10:46+00:00\",\"dateModified\":\"2025-11-18T14:14:12+00:00\",\"breadcrumb\":{\"@id\":\"https:\/\/bpact.fr\/panel\/participant-bill-of-rights\/#breadcrumb\"},\"inLanguage\":\"fr-FR\",\"potentialAction\":[{\"@type\":\"ReadAction\",\"target\":[\"https:\/\/bpact.fr\/panel\/participant-bill-of-rights\/\"]}]},{\"@type\":\"BreadcrumbList\",\"@id\":\"https:\/\/bpact.fr\/panel\/participant-bill-of-rights\/#breadcrumb\",\"itemListElement\":[{\"@type\":\"ListItem\",\"position\":1,\"name\":\"Home\",\"item\":\"https:\/\/bpact.fr\/panel\/\"},{\"@type\":\"ListItem\",\"position\":2,\"name\":\"Participant Bill of Rights\"}]},{\"@type\":\"WebSite\",\"@id\":\"https:\/\/bpact.fr\/panel\/#website\",\"url\":\"https:\/\/bpact.fr\/panel\/\",\"name\":\"Bpact FR Panel\",\"description\":\"\",\"publisher\":{\"@id\":\"https:\/\/bpact.fr\/panel\/#organization\"},\"potentialAction\":[{\"@type\":\"SearchAction\",\"target\":{\"@type\":\"EntryPoint\",\"urlTemplate\":\"https:\/\/bpact.fr\/panel\/?s={search_term_string}\"},\"query-input\":{\"@type\":\"PropertyValueSpecification\",\"valueRequired\":true,\"valueName\":\"search_term_string\"}}],\"inLanguage\":\"fr-FR\"},{\"@type\":\"Organization\",\"@id\":\"https:\/\/bpact.fr\/panel\/#organization\",\"name\":\"Bpact FR Panel\",\"url\":\"https:\/\/bpact.fr\/panel\/\",\"logo\":{\"@type\":\"ImageObject\",\"inLanguage\":\"fr-FR\",\"@id\":\"https:\/\/bpact.fr\/panel\/#\/schema\/logo\/image\/\",\"url\":\"https:\/\/bpact.fr\/panel\/wp-content\/uploads\/sites\/11\/2019\/05\/Bpact_-BT.jpg\",\"contentUrl\":\"https:\/\/bpact.fr\/panel\/wp-content\/uploads\/sites\/11\/2019\/05\/Bpact_-BT.jpg\",\"width\":420,\"height\":384,\"caption\":\"Bpact FR Panel\"},\"image\":{\"@id\":\"https:\/\/bpact.fr\/panel\/#\/schema\/logo\/image\/\"}}]}<\/script>\n<!-- \/ Yoast SEO plugin. -->","yoast_head_json":{"title":"Participant Bill of Rights - Bpact FR Panel","robots":{"index":"index","follow":"follow","max-snippet":"max-snippet:-1","max-image-preview":"max-image-preview:large","max-video-preview":"max-video-preview:-1"},"canonical":"https:\/\/bpact.fr\/panel\/participant-bill-of-rights\/","og_locale":"fr_FR","og_type":"article","og_title":"Participant Bill of Rights - Bpact FR Panel","og_description":"Participant Bill of Rights Bpact appr\u00e9cie que vous soyez membre de son panel. C&rsquo;est pourquoi nous mettons tout en \u0153uvre pour rendre votre exp\u00e9rience aussi agr\u00e9able que possible. Nous optimisons r\u00e9guli\u00e8rement nos syst\u00e8mes et vous demandons votre avis apr\u00e8s chaque enqu\u00eate. De plus, nous suivons de pr\u00e8s le march\u00e9 et respectons le code de conduite [&hellip;]","og_url":"https:\/\/bpact.fr\/panel\/participant-bill-of-rights\/","og_site_name":"Bpact FR Panel","article_modified_time":"2025-11-18T14:14:12+00:00","twitter_card":"summary_large_image","twitter_misc":{"Dur\u00e9e de lecture estim\u00e9e":"1 minute"},"schema":{"@context":"https:\/\/schema.org","@graph":[{"@type":"WebPage","@id":"https:\/\/bpact.fr\/panel\/participant-bill-of-rights\/","url":"https:\/\/bpact.fr\/panel\/participant-bill-of-rights\/","name":"Participant Bill of Rights - Bpact FR Panel","isPartOf":{"@id":"https:\/\/bpact.fr\/panel\/#website"},"datePublished":"2025-11-18T14:10:46+00:00","dateModified":"2025-11-18T14:14:12+00:00","breadcrumb":{"@id":"https:\/\/bpact.fr\/panel\/participant-bill-of-rights\/#breadcrumb"},"inLanguage":"fr-FR","potentialAction":[{"@type":"ReadAction","target":["https:\/\/bpact.fr\/panel\/participant-bill-of-rights\/"]}]},{"@type":"BreadcrumbList","@id":"https:\/\/bpact.fr\/panel\/participant-bill-of-rights\/#breadcrumb","itemListElement":[{"@type":"ListItem","position":1,"name":"Home","item":"https:\/\/bpact.fr\/panel\/"},{"@type":"ListItem","position":2,"name":"Participant Bill of Rights"}]},{"@type":"WebSite","@id":"https:\/\/bpact.fr\/panel\/#website","url":"https:\/\/bpact.fr\/panel\/","name":"Bpact FR Panel","description":"","publisher":{"@id":"https:\/\/bpact.fr\/panel\/#organization"},"potentialAction":[{"@type":"SearchAction","target":{"@type":"EntryPoint","urlTemplate":"https:\/\/bpact.fr\/panel\/?s={search_term_string}"},"query-input":{"@type":"PropertyValueSpecification","valueRequired":true,"valueName":"search_term_string"}}],"inLanguage":"fr-FR"},{"@type":"Organization","@id":"https:\/\/bpact.fr\/panel\/#organization","name":"Bpact FR Panel","url":"https:\/\/bpact.fr\/panel\/","logo":{"@type":"ImageObject","inLanguage":"fr-FR","@id":"https:\/\/bpact.fr\/panel\/#\/schema\/logo\/image\/","url":"https:\/\/bpact.fr\/panel\/wp-content\/uploads\/sites\/11\/2019\/05\/Bpact_-BT.jpg","contentUrl":"https:\/\/bpact.fr\/panel\/wp-content\/uploads\/sites\/11\/2019\/05\/Bpact_-BT.jpg","width":420,"height":384,"caption":"Bpact FR Panel"},"image":{"@id":"https:\/\/bpact.fr\/panel\/#\/schema\/logo\/image\/"}}]}},"_links":{"self":[{"href":"https:\/\/bpact.fr\/panel\/wp-json\/wp\/v2\/pages\/5636","targetHints":{"allow":["GET"]}}],"collection":[{"href":"https:\/\/bpact.fr\/panel\/wp-json\/wp\/v2\/pages"}],"about":[{"href":"https:\/\/bpact.fr\/panel\/wp-json\/wp\/v2\/types\/page"}],"author":[{"embeddable":true,"href":"https:\/\/bpact.fr\/panel\/wp-json\/wp\/v2\/users\/12"}],"replies":[{"embeddable":true,"href":"https:\/\/bpact.fr\/panel\/wp-json\/wp\/v2\/comments?post=5636"}],"version-history":[{"count":7,"href":"https:\/\/bpact.fr\/panel\/wp-json\/wp\/v2\/pages\/5636\/revisions"}],"predecessor-version":[{"id":5643,"href":"https:\/\/bpact.fr\/panel\/wp-json\/wp\/v2\/pages\/5636\/revisions\/5643"}],"wp:attachment":[{"href":"https:\/\/bpact.fr\/panel\/wp-json\/wp\/v2\/media?parent=5636"}],"curies":[{"name":"wp","href":"https:\/\/api.w.org\/{rel}","templated":true}]}}